{"id":32454,"date":"2018-01-10T15:26:34","date_gmt":"2018-01-10T14:26:34","guid":{"rendered":"https:\/\/www.3dnatives.com\/es\/?post_type=tribe_events&#038;p=32454"},"modified":"2020-06-17T15:12:42","modified_gmt":"2020-06-17T13:12:42","slug":"bienal-espanola-maquina-herramienta-2018","status":"publish","type":"ntv_events","link":"https:\/\/www.3dnatives.com\/es\/eventos\/bienal-espanola-maquina-herramienta-2018\/","title":{"rendered":"Bienal Espa\u00f1ola de M\u00e1quina-Herramienta 2018"},"content":{"rendered":"<p style=\"text-align: justify\">La Bienal Espa\u00f1ola de M\u00e1quina-Herramienta es la tercera feria industrial m\u00e1s importante en Europa y primera de su sector en Espa\u00f1a. El evento se celebra cada dos a\u00f1os en Bilbao Exhibition Centre (BEC), en los meses de mayo y junio. Se dirige a los principales fabricantes, importadores y distribuidores de maquinaria tanto nacional como extranjera para que expongan sus productos en el recinto y los muestren y alcancen acuerdos comerciales con los m\u00e1s 35.000 compradores de los principales pa\u00edses industrializados del mundo que visiten este certamen en cada edici\u00f3n.<\/p>\n<p style=\"text-align: justify\">La Bienal Espa\u00f1ola de M\u00e1quina-Herramienta\u00a0comenz\u00f3 en 1961 en la antigua Feria de Muestras Internacional de Bilbao. Esta celebraci\u00f3n supuso una oportunidad de oro, para todo el Pa\u00eds Vasco, en la dinamizaci\u00f3n del tejido industrial. Su celebraci\u00f3n tuvo como objetivo aportar un nuevo servicio al mundo de la industria para potenciar y promover su desarrollo y el del conjunto del Pa\u00eds Vasco, tanto a nivel nacional como internacional. Debido al crecimiento de la bienal la antigua instalaci\u00f3n lleg\u00f3 incluso a ser insuficiente para el evento.<\/p>\n<p>\u00bfInteresado en\u00a0el mundo de la impresi\u00f3n 3D y quieres saber m\u00e1s?\u00a0S\u00edguenos en<strong>\u00a0<a href=\"https:\/\/www.facebook.com\/3Dnativeses?fref=nf\">Facebook<\/a><\/strong>,\u00a0<strong><a href=\"https:\/\/twitter.com\/3Dnatives_ES\">Twitter<\/a><\/strong>\u00a0y\u00a0<strong><a href=\"https:\/\/www.3dnatives.com\/es\/feed\/\">RSS<\/a>.<\/strong><\/p><div class=\"dnati-inside_content\" id=\"dnati-4250041595\"><a data-no-instant=\"1\" href=\"https:\/\/app.swapcard.com\/event\/additiv-defense-2026\" rel=\"noopener\" class=\"a2t-link\" aria-label=\"LB (4)\"><img loading=\"lazy\" decoding=\"async\" src=\"https:\/\/www.3dnatives.com\/es\/wp-content\/uploads\/sites\/4\/LB-4-1.gif\" alt=\"\"  width=\"850\" height=\"150\"   \/><\/a><\/div>\n","protected":false},"excerpt":{"rendered":"<p>La Bienal Espa\u00f1ola de M\u00e1quina-Herramienta es la tercera feria industrial m\u00e1s importante en Europa y primera de su sector en Espa\u00f1a. El evento se celebra cada dos a\u00f1os en Bilbao Exhibition Centre (BEC), en los meses de mayo y junio.&hellip;<\/p>\n","protected":false},"featured_media":32456,"template":"","ntv_event_cat":[19,20],"ntv_organizer":[],"class_list":["post-32454","ntv_events","type-ntv_events","status-publish","has-post-thumbnail","hentry","ntv_event_cat-conferencia","ntv_event_cat-exposicion"],"acf":[],"_links":{"self":[{"href":"https:\/\/www.3dnatives.com\/es\/wp-json\/wp\/v2\/ntv_events\/32454","targetHints":{"allow":["GET"]}}],"collection":[{"href":"https:\/\/www.3dnatives.com\/es\/wp-json\/wp\/v2\/ntv_events"}],"about":[{"href":"https:\/\/www.3dnatives.com\/es\/wp-json\/wp\/v2\/types\/ntv_events"}],"wp:featuredmedia":[{"embeddable":true,"href":"https:\/\/www.3dnatives.com\/es\/wp-json\/wp\/v2\/media\/32456"}],"wp:attachment":[{"href":"https:\/\/www.3dnatives.com\/es\/wp-json\/wp\/v2\/media?parent=32454"}],"wp:term":[{"taxonomy":"ntv_event_cat","embeddable":true,"href":"https:\/\/www.3dnatives.com\/es\/wp-json\/wp\/v2\/ntv_event_cat?post=32454"},{"taxonomy":"ntv_organizer","embeddable":true,"href":"https:\/\/www.3dnatives.com\/es\/wp-json\/wp\/v2\/ntv_organizer?post=32454"}],"curies":[{"name":"wp","href":"https:\/\/api.w.org\/{rel}","templated":true}]}}

Bienal Española de Máquina-Herramienta 2018

<p style="text-align: justify">La Bienal Española de Máquina-Herramienta es la tercera feria industrial más importante en Europa y primera de su sector en España. El evento se celebra cada dos años en Bilbao Exhibition Centre (BEC), en los meses de mayo y junio. Se dirige a los principales fabricantes, importadores y distribuidores de maquinaria tanto nacional como extranjera para que expongan sus productos en el recinto y los muestren y alcancen acuerdos comerciales con los más 35.000 compradores de los principales países industrializados del mundo que visiten este certamen en cada edición.</p>
<p style="text-align: justify">La Bienal Española de Máquina-Herramienta comenzó en 1961 en la antigua Feria de Muestras Internacional de Bilbao. Esta celebración supuso una oportunidad de oro, para todo el País Vasco, en la dinamización del tejido industrial. Su celebración tuvo como objetivo aportar un nuevo servicio al mundo de la industria para potenciar y promover su desarrollo y el del conjunto del País Vasco, tanto a nivel nacional como internacional. Debido al crecimiento de la bienal la antigua instalación llegó incluso a ser insuficiente para el evento.</p>
<p>¿Interesado en el mundo de la impresión 3D y quieres saber más? Síguenos en<strong> <a href="https://www.facebook.com/3Dnativeses?fref=nf">Facebook</a></strong>, <strong><a href="https://twitter.com/3Dnatives_ES">Twitter</a></strong> y <strong><a href="https://www.3dnatives.com/es/feed/">RSS</a>.</strong></p><div class="dnati-inside_content" id="dnati-4250041595"><a data-no-instant="1" href="https://app.swapcard.com/event/additiv-defense-2026" rel="noopener" class="a2t-link" aria-label="LB (4)"><img loading="lazy" decoding="async" src="https://www.3dnatives.com/es/wp-content/uploads/sites/4/LB-4-1.gif" alt=""  width="850" height="150"   /></a></div>

<p>La Bienal Española de Máquina-Herramienta es la tercera feria industrial más importante en Europa y primera de su sector en España. El evento se celebra cada dos años en Bilbao Exhibition Centre (BEC), en los meses de mayo y junio.&hellip;</p>
