{"id":43044,"date":"2022-12-09T14:11:58","date_gmt":"2022-12-09T13:11:58","guid":{"rendered":"https:\/\/www.3dnatives.com\/de\/?post_type=ntv_events&#038;p=43044"},"modified":"2022-12-09T14:11:58","modified_gmt":"2022-12-09T13:11:58","slug":"innoteq","status":"publish","type":"ntv_events","link":"https:\/\/www.3dnatives.com\/de\/veranstaltungen\/innoteq\/","title":{"rendered":"INNOTEQ"},"content":{"rendered":"<p style=\"text-align: justify;\"><span style=\"color: black; font-size: medium;\">Als Content- und Communityplattform verbindet die INNOTEQ als Hotspot und relevanter Branchentreffpunkt die Akteure der Schweizer Fertigungsindustrie \u2013 live und digital. Innovationen erleben, Wissen erweitern und Kontakte pflegen: Auf der INNOTEQ pr\u00e4sentieren Unternehmen Ihre Produkte und L\u00f6sungen einem hochkar\u00e4tigen Fachpublikum. So entstehen Begegnungen, Dialoge und daraus neue Ideen und Kooperationen f\u00fcr eine erfolgreiche gemeinsame Zukunft.<\/span><\/p>\n<p><span style=\"color: black; font-size: x-large;\"><b>Ausstellersegmente<\/b><\/span><\/p>\n<div class=\"flex-item-container\">\n<ul>\n<li class=\"item-flex\">Prozessautomatisierung<\/li>\n<li class=\"item-flex\">Werkzeugmaschinen<\/li>\n<li class=\"item-flex\">Werkstoffe<\/li>\n<li class=\"item-flex\">W\u00e4rme- und Oberfl\u00e4chenbehandlung<\/li>\n<li class=\"item-flex\">Pr\u00e4zisionswerkzeuge<\/li>\n<li class=\"item-flex\">Apparate und Maschinenbauteile<\/li>\n<li class=\"item-flex\">Messetechnik<\/li>\n<li class=\"item-flex\">Additive Fertigung<\/li>\n<\/ul>\n<\/div>\n","protected":false},"excerpt":{"rendered":"<p>Als Content- und Communityplattform verbindet die INNOTEQ als Hotspot und relevanter Branchentreffpunkt die Akteure der Schweizer Fertigungsindustrie \u2013 live und digital. Innovationen erleben, Wissen erweitern und Kontakte pflegen: Auf der INNOTEQ pr\u00e4sentieren Unternehmen Ihre Produkte und L\u00f6sungen einem hochkar\u00e4tigen Fachpublikum.&hellip;<\/p>\n","protected":false},"featured_media":43045,"template":"","ntv_event_cat":[26],"ntv_organizer":[240],"class_list":["post-43044","ntv_events","type-ntv_events","status-publish","has-post-thumbnail","hentry","ntv_event_cat-messe","ntv_organizer-bernexpo-ag"],"acf":[],"_links":{"self":[{"href":"https:\/\/www.3dnatives.com\/de\/wp-json\/wp\/v2\/ntv_events\/43044","targetHints":{"allow":["GET"]}}],"collection":[{"href":"https:\/\/www.3dnatives.com\/de\/wp-json\/wp\/v2\/ntv_events"}],"about":[{"href":"https:\/\/www.3dnatives.com\/de\/wp-json\/wp\/v2\/types\/ntv_events"}],"wp:featuredmedia":[{"embeddable":true,"href":"https:\/\/www.3dnatives.com\/de\/wp-json\/wp\/v2\/media\/43045"}],"wp:attachment":[{"href":"https:\/\/www.3dnatives.com\/de\/wp-json\/wp\/v2\/media?parent=43044"}],"wp:term":[{"taxonomy":"ntv_event_cat","embeddable":true,"href":"https:\/\/www.3dnatives.com\/de\/wp-json\/wp\/v2\/ntv_event_cat?post=43044"},{"taxonomy":"ntv_organizer","embeddable":true,"href":"https:\/\/www.3dnatives.com\/de\/wp-json\/wp\/v2\/ntv_organizer?post=43044"}],"curies":[{"name":"wp","href":"https:\/\/api.w.org\/{rel}","templated":true}]}}

<p style="text-align: justify;"><span style="color: black; font-size: medium;">Als Content- und Communityplattform verbindet die INNOTEQ als Hotspot und relevanter Branchentreffpunkt die Akteure der Schweizer Fertigungsindustrie – live und digital. Innovationen erleben, Wissen erweitern und Kontakte pflegen: Auf der INNOTEQ präsentieren Unternehmen Ihre Produkte und Lösungen einem hochkarätigen Fachpublikum. So entstehen Begegnungen, Dialoge und daraus neue Ideen und Kooperationen für eine erfolgreiche gemeinsame Zukunft.</span></p>
<p><span style="color: black; font-size: x-large;"><b>Ausstellersegmente</b></span></p>
<div class="flex-item-container">
<ul>
<li class="item-flex">Prozessautomatisierung</li>
<li class="item-flex">Werkzeugmaschinen</li>
<li class="item-flex">Werkstoffe</li>
<li class="item-flex">Wärme- und Oberflächenbehandlung</li>
<li class="item-flex">Präzisionswerkzeuge</li>
<li class="item-flex">Apparate und Maschinenbauteile</li>
<li class="item-flex">Messetechnik</li>
<li class="item-flex">Additive Fertigung</li>
</ul>
</div>

<p>Als Content- und Communityplattform verbindet die INNOTEQ als Hotspot und relevanter Branchentreffpunkt die Akteure der Schweizer Fertigungsindustrie – live und digital. Innovationen erleben, Wissen erweitern und Kontakte pflegen: Auf der INNOTEQ präsentieren Unternehmen Ihre Produkte und Lösungen einem hochkarätigen Fachpublikum.&hellip;</p>
